culate the highest common divisor of 943 and 43173.
41
Calculate the greatest common divisor of 194916 and 439.
439
Calculate the highest common divisor of 2085 and 667895.
695
Calculate the highest common factor of 4004 and 648466.
182
What is the highest common factor of 42 and 104937?
21
What is the highest common factor of 3423307 and 1343?
1343
What is the highest common divisor of 332180 and 100?
20
Calculate the highest common divisor of 4061 and 26319.
31
Calculate the highest common divisor of 560 and 17560.
40
What is the highest common factor of 138477 and 93?
93
Calculate the highest common divisor of 10292 and 10624.
332
Calculate the greatest common divisor of 184 and 39261.
23
Calculate the highest common divisor of 18264 and 36.
12
What is the greatest common divisor of 25 and 95?
5
What is the highest common divisor of 177705 and 90?
45
Calculate the greatest common factor of 411047 and 91.
91
Calculate the highest common factor of 368543 and 38.
19
Calculate the highest common factor of 8 and 7994.
2
Calculate the highest common factor of 91 and 13851929.
91
Calculate the greatest common factor of 224 and 240224.
32
What is the highest common factor of 32308 and 297076?
788
Calculate the highest common divisor of 1364 and 1043801.
341
What is the greatest common divisor of 195188 and 14?
14
Calculate the highest common factor of 2 and 35624.
2
Calculate the highest common factor of 86215 and 18705.
215
What is the highest common divisor of 102939 and 3?
3
Calculate the highest common divisor of 615 and 28659.
123
What is the highest common divisor of 4201 and 5?
1
What is the greatest common factor of 1027 and 38441?
13
Calculate the highest common factor of 119 and 4228.
7
What is the greatest common factor of 35 and 20255?
5
Calculate the highest common factor of 40174 and 53.
53
What is the highest common divisor of 3634 and 15958?
158
What is the highest common factor of 180 and 4332?
12
Calculate the highest common factor of 997392 and 528.
528
What is the highest common factor of 825 and 475?
25
Calculate the greatest common factor of 17309 and 1463.
19
What is the highest common divisor of 5750 and 14858?
46
Calculate the greatest common factor of 177888 and 16.
16
What is the highest common factor of 1518 and 3938?
22
Calculate the highest common factor of 131344 and 112.
16
What is the highest common divisor of 5190 and 2461098?
1038
What is the highest common factor of 250723 and 253?
253
What is the greatest common factor of 235710 and 40?
10
What is the greatest common factor of 196129 and 289?
17
What is the highest common divisor of 44 and 76131?
11
Calculate the greatest common divisor of 672 and 98266.
14
Calculate the highest common factor of 11738 and 2.
2
What is the greatest common factor of 1218927 and 3?
3
What is the greatest common factor of 1128564 and 184?
92
What is the greatest common divisor of 225 and 244100?
25
Calculate the highest common divisor of 1911 and 10374.
273
What is the greatest common factor of 276329 and 137?
137
What is the greatest common factor of 1265868 and 1188?
108
What is the greatest common factor of 14342 and 426?
142
Calculate the highest common factor of 24 and 2865912.
24
Calculate the greatest common factor of 28 and 77344.
4
Calculate the greatest common divisor of 10312219 and 2053.
2053
Calculate the greatest common factor of 2093 and 437.
23
What is the greatest common factor of 134120 and 479?
479
Calculate the greatest common divisor of 2592 and 50400.
288
Calculate the greatest common factor of 14550 and 5626.
194
Calculate the greatest common divisor of 16954 and 1764.
98
Calculate the greatest common factor of 4407 and 2652.
39
Calculate the greatest common divisor of 1845 and 160.
5
Calculate the highest common factor of 477 and 624234.
159
Calculate the greatest common divisor of 3909740 and 40.
20
Calculate the greatest common factor of 15642 and 858.
66
What is the highest common divisor of 103513 and 34?
17
What is the greatest common divisor of 65 and 329667?
13
Calculate the highest common factor of 6012 and 2157.
3
What is the highest common factor of 28455 and 175?
35
What is the greatest common divisor of 2972800 and 10?
10
What is the greatest common factor of 55 and 1373427?
11
What is the highest common divisor of 23710 and 120?
10
What is the highest common factor of 42928 and 272?
16
Calculate the highest common divisor of 43089 and 8904.
159
Calculate the highest common divisor of 15890 and 98.
14
Calculate the highest common divisor of 329 and 6132.
7
What is the greatest common divisor of 164036 and 8?
4
Calculate the highest common factor of 180 and 29430.
90
Calculate the highest common factor of 377 and 423371.
377
What is the highest common factor of 1992784 and 944?
944
What is the highest common divisor of 12704 and 32?
32
What is the highest common divisor of 240 and 313840?
80
What is the greatest common divisor of 1705846 and 426?
142
What is the highest common divisor of 49161 and 21?
21
What is the greatest common divisor of 6603 and 14910?
213
Calculate the greatest common divisor of 1840159 and 811.
811
Calculate the greatest common divisor of 183 and 377529.
183
Calculate the highest common factor of 14577 and 9374.
43
Calculate the greatest common factor of 22737 and 5577.
429
Calculate the greatest common factor of 311685 and 110.
55
Calculate the greatest common divisor of 167 and 4398613.
167
Calculate the greatest common divisor of 204 and 18292.
68
What is the greatest common factor of 1101 and 52481?
367
What is the highest common divisor of 411 and 1479189?
411
What is the highest common divisor of 12243 and 694353?
1749
What is the highest common factor of 475 and 1035?
5
Calculate the greatest common factor of 56150 and 900.
50
Calculate the greatest common factor of 140 and 981232.
28
What is the highest common divisor of 88032 and 16?
16
What is the highest common divisor of 1012 and 974468?
44
What is the highest common factor of 23839 and 248?
31
What is the highest common factor of 10068119 and 19?
19
Calculate the greatest common factor of 71712 and 612.
36
Calculate the highest common factor of 10499 and 11.
1
Calculate the highest common factor of 14624 and 160.
32
What is the highest common divisor of 96568 and 136?
8
What is the highest common divisor of 2806928 and 16?
16
What is the highest common factor of 9807 and 20517?
21
What is the highest common divisor of 20500 and 5300?
100
What is the highest common factor of 224 and 9800?
56
Calculate the highest common factor of 149532 and 17.
17
Calculate the highest common divisor of 10807 and 85345.
101
What is the greatest common divisor of 14314 and 62308?
842
What is the highest common factor of 84 and 22608?
12
What is the greatest common factor of 1665 and 51097?
37
Calculate the greatest common factor of 1820 and 6160.
140
What is the highest common factor of 12 and 39?
3
Calculate the greatest common divisor of 6818 and 8386.
14
What is the greatest common divisor of 4136 and 4048?
88
What is the highest common divisor of 40185 and 450?
45
Calculate the highest common divisor of 611978 and 2278.
134
What is the greatest common factor of 206825 and 5?
5
What is the highest common factor of 49972 and 62?
62
What is the highest common divisor of 83220 and 2100?
60
Calculate the greatest common factor of 5368329 and 27.
27
Calculate the greatest common divisor of 30762 and 48.
6
Calculate the greatest common factor of 1045 and 19613605.
1045
What is the highest common factor of 4332 and 2601366?
2166
Calculate the highest common divisor of 1068 and 202119.
267
Calculate the highest common divisor of 892 and 9700.
4
Calculate the highest common divisor of 956 and 667049.
239
What is the highest common factor of 13390 and 309927?
103
What is the greatest common divisor of 228937 and 1316?
47
What is the highest common divisor of 10637 and 1111?
11
What is the highest common factor of 184691 and 377?
13
Calculate the highest common factor of 67 and 8713417.
67
Calculate the greatest common divisor of 27206 and 8296.
122
Calculate the greatest common divisor of 293 and 13821982.
293
Calculate the highest common divisor of 1040 and 184340.
260
Calculate t